
What is the units digit of -2*(6/(-4) - 1)?
5
Suppose b + 90 = -b. What is the tens digit of (2*b/6)/(-1)?
1
Suppose -5*m = -231 + 26. What is the units digit of m?
1
Suppose 5*d - 33 = -2*o, 28 + 13 = 5*d + 4*o. Suppose 0 = n + 2*h + 2*h - 2, -5*n = -d*h - 10. Let x = 12 + n. What is the units digit of x?
4
Suppose 5*w - 870 = 5*j, -4*j + 147 = -3*w + 672. What is the hundreds digit of w?
1
What is the units digit of (-4 + 2)/((-1)/(25*2))?
0
Let q(z) = -z + 4. Let o be (-3 + -2 + 1)/(-1). Let m be q(o). Suppose -5*s - 21 + 126 = m. What is the tens digit of s?
2
Let p(j) = j**2 + 7*j + 2. Let d be p(-6). Let s = d - -8. What is the units digit of s?
4
Let f be 2/(-8) + (-84)/(-16). Suppose -h = -d + 1 - 6, -f = -2*d - h. Suppose d = 2*p - 6 - 10. What is the units digit of p?
8
Let y(x) = x**3 + 2*x**2 + 1. Let c be y(-2). Let a be -2 + c - -3 - -2. What is the units digit of ((-10)/a)/((-2)/4)?
5
Suppose 0 = -c + j + 1, -3*c + 10*j - 5*j = 7. Suppose -5*b - 20 = 0, i + 0*i - 2*b = 32. What is the units digit of i/c + (1 - 0)?
5
Let r(p) = -4*p**3 + p**2 + p + 1. Let c be r(-1). Suppose c = -4*f + 1. Let v = f + 3. What is the units digit of v?
2
Suppose 2*b = -2, -5*d + b + 521 = -d. What is the hundreds digit of d?
1
Let s = 11 - -31. Suppose 5*f + 3*k - s - 64 = 0, -f = -4*k - 35. What is the units digit of f?
3
Let a be (-1)/(14/8 - 2). Suppose 39 = a*w + 2*q + q, w + 5*q + 3 = 0. What is the units digit of w?
2
Let q = 38 + 11. What is the units digit of q?
9
Let f be (2 - 3)/(3/9). What is the units digit of 8 - (-2 - (1 + f))?
8
Let c(s) = 2*s**2 + 2*s + 8. What is the units digit of c(-4)?
2
Suppose 121 + 11 = z. What is the tens digit of z?
3
Suppose q = -w - q + 58, -2*w + 140 = -4*q. What is the tens digit of w?
6
Suppose 4*w - 302 = 5*z, -5*z - 68 = 2*w - 3*w. What is the units digit of w?
8
Let x(y) = -y**2 + 8*y + 2*y + 0*y - 7. Let t be x(9). Suppose w + t*n = 2, -4*w - 5*n + 4*n + 29 = 0. What is the units digit of w?
8
Let j(p) be the first derivative of -p**2/2 + 21*p + 2. What is the units digit of j(11)?
0
Let s(j) = -j**2 - 9*j - 8. Let t be (6/4)/(3/(-12)). What is the tens digit of s(t)?
1
Let l = -44 + 28. Let j be 4/l + (-26)/(-8). Suppose -3*i - 3*q + 24 = 0, -3*i + 20 = -q + j*q. What is the units digit of i?
4
Let m(w) = -w**2 - 8*w - 6. Let t be m(-6). Let f = t - 2. Suppose -2*b = o - 4, -o - 28 = -f*b + 2*o. What is the units digit of b?
4
Suppose -3*b + 7*b = 8. Suppose 0 = -3*t - t + 84. Suppose -b*n + t = 3. What is the units digit of n?
9
Let z(q) = -5*q - 20. What is the units digit of z(-12)?
0
Let q(f) = -f**3 - 16*f - 10 + 6*f**2 + 34*f - 9*f. Let r be ((-2)/4)/((-2)/28). What is the units digit of q(r)?
4
Let g(s) = s**3 + 19*s**2 + 15*s - 41. What is the tens digit of g(-18)?
1
Let y(i) = 10*i + 12. What is the tens digit of y(8)?
9
Let m(v) = v**2 + 8*v - 1. Let i be m(-6). Suppose -5*k + 5 = 25. Let y = k - i. What is the units digit of y?
9
What is the units digit of 21/(-2)*(-8)/3?
8
Suppose 3*h - 4*h = 5*p - 25, -5*h + 5*p = 25. Suppose 21 = g - h. What is the units digit of g?
1
Let a = 53 + -26. Let d = a + 12. What is the units digit of d?
9
Let t(m) = m**3 - 5*m**2 - m + 3. Let b(h) = -2*h**3 + 6*h**2 + 2*h - 3. Let u(a) = 3*b(a) + 4*t(a). What is the units digit of u(-2)?
7
Let u = 103 + -26. Suppose -g = -5*k - 0*g + u, 5*k = -5*g + 65. What is the units digit of k?
5
Let r = -7 + 3. Let p be 5*(r + 2)/(-2). Suppose p*v + 0*a = 2*a + 42, 5*v + 4*a - 66 = 0. What is the units digit of v?
0
Suppose -4 = 4*n - 2*n, 5*m - 5*n - 20 = 0. Let z be (m - 4 - -5) + 0. Let x = z - -4. What is the units digit of x?
7
Let r(a) = -a**2 - 29*a - 9. What is the tens digit of r(-13)?
9
Suppose 10 = -0*m + 5*m. Suppose 2*v - 8 = -m*v. Suppose -v*f = -2*c + 8, -5*c - 4*f + 14 = -6. What is the units digit of c?
4
Let c be (((-3)/3)/(-1))/(-1). Let o(g) = -49*g. What is the units digit of o(c)?
9
What is the units digit of (1/2)/((-3)/(-204))?
4
Suppose -5*c + 3 = -q - 2*q, 8 = 2*q. Let i = 29 - c. What is the units digit of i?
6
Suppose 160 + 443 = 3*i. What is the tens digit of (-6)/15 + i/15?
1
Let b = 76 + -45. What is the units digit of b?
1
Suppose 0 = -0*p - p. Let y(v) = v**2 + v + 3. Let d be y(p). Suppose -1 = -d*x + 2*x. What is the units digit of x?
1
Let l(n) = -n**2 + 11*n. What is the units digit of l(9)?
8
Let y(o) = 7*o - 5. What is the tens digit of y(3)?
1
Suppose -3*o = 4*i - 91, -4*o - i + 32 + 85 = 0. What is the tens digit of o?
2
Suppose -2*o + i + 9 = 4*i, 4 = 4*i. Let v be (-12)/(-2) - (5 + -2). Suppose v*c + 2*u - 8 = o, 5*c - 5*u = 35. What is the units digit of c?
5
Suppose -3*d + 12 = -0*d. Let k be 6/d + 51/2. Suppose -k - 1 = -4*z. What is the units digit of z?
7
Let m be (-47)/(-9) + (-2)/9. Let p = 14 + -8. Let i = p + m. What is the units digit of i?
1
Let w be (-1)/2 - 1/(-2). Suppose 0 = 6*b - b - 10, -5*g - 2*b + 4 = w. What is the units digit of (g - -15)*1/3?
5
Let y(g) = 43*g**2 - 1. What is the units digit of y(1)?
2
Suppose -5*h + 2*b + 399 = 0, -5*b + 11 = -4. What is the units digit of h?
1
Let z = 16 - 10. Suppose -2*r + 58 = -5*g, -g = r - z*g - 39. What is the units digit of r?
9
What is the tens digit of (-716)/(-28) + (-12)/21?
2
Suppose -a + 29 = -16. What is the tens digit of a?
4
What is the units digit of (-38)/(-2)*-1*(-4)/2?
8
What is the hundreds digit of -1*(-2 + -1) - (-125 + 1)?
1
Let s(y) = 9*y**2 + 3*y + 3. What is the tens digit of s(-3)?
7
Let k(w) be the first derivative of -w**3/3 - 2*w**2 + 7*w + 3. Let b be k(-5). Suppose -b*s = 3*s - 65. What is the units digit of s?
3
Suppose 0 = 5*i - 8 - 2. Let y = -2 + 4. Suppose -f + 2 = -4*r, 0 = y*f - i*r - 2 - 20. What is the tens digit of f?
1
Suppose 3*l + 4*i = 8, -4*i = 3 - 11. Suppose -15 = -3*k - l. What is the units digit of -1 + k - (-1 - -1)?
4
Suppose -17*z + 332 = -13*z. Let p = z + -41. What is the units digit of p?
2
Suppose d = -3, n - 6*n - 5*d = -195. What is the tens digit of n?
4
Suppose 0 = b + b + a - 264, 0 = b - a - 129. What is the hundreds digit of b?
1
Suppose 0 = -2*w + 4, 0*w + 70 = 5*i + 5*w. What is the tens digit of i?
1
Suppose -60 = 2*r + r. What is the units digit of r/(-2) + (3 - 2)?
1
Let s be 1/3 - 64/(-6). Suppose -k + s = 2*x - 0*x, -2*k - 2*x + 12 = 0. What is the units digit of k?
1
Let i(q) = -q**3 + 5*q**2 + 5*q + 5. Let x be i(6). Let z(s) = -14*s**3 - s**2 - 2*s - 1. What is the units digit of z(x)?
4
Suppose 2*s - 70 = -0*s. Let r = 51 - s. What is the tens digit of r?
1
Let x be -1*-1*1 - -7. Let z = 23 - -12. Suppose -x*j + z = -3*j. What is the units digit of j?
7
What is the tens digit of 8/(-32) - 41/(-4)?
1
Suppose 10 = 2*r, -4*d + 2*r - 10 = -d. Suppose -2*o + 3*v - 15 = d, -2*o - o - 4*v = -20. Suppose o = -4*b + 49 + 15. What is the tens digit of b?
1
Suppose -3*j - j + 1254 = -3*r, 5*r + 322 = j. What is the hundreds digit of j?
3
Let j be (-3 + 2 + 2)*4. Suppose 5*k + j - 56 = 4*v, -k = -5*v - 2. What is the units digit of k?
2
Suppose -4*b - 36 - 52 = -3*g, 72 = 2*g + 4*b. What is the tens digit of g?
3
Let r(w) = 2*w**2 - 4. Let k be r(3). Suppose k - 174 = -5*q. What is the units digit of q?
2
Let s = 60 - 42. What is the units digit of s?
8
Suppose -3*x - 2*x + 825 = 0. What is the tens digit of x?
6
What is the units digit of ((-4)/12)/((-3)/243)?
7
Suppose 2*q + 3 = -q. Let n = 7 + q. What is the units digit of n?
6
Let y(p) = p**3 + 13*p**2 + 13*p + 17. Let d be y(-12). Suppose -w = -d*w + 36. What is the units digit of w?
9
Let o(v) = -22*v. What is the units digit of o(-1)?
2
What is the tens digit of (-3)/(-3)*1*26?
2
Suppose -6*k = -9*k + 111. What is the tens digit of k?
3
Suppose -204 = -2*z - 4*n, 4*z - n + 5*n - 412 = 0. What is the units digit of z?
4
Let h(g) = -g**3 - 19*g**2 - 8*g - 39. What is the hundreds digit of h(-19)?
1
Suppose 6 = 3*w - 0*w. Suppose 7*a = w*a. Suppose a = 4*n - 5 - 19. What is the units digit of n?
6
Let a = -10 + 14. What is the tens digit of (2/6)/(a/228)?
1
Let i = 137 - -19. What is the tens digit of i?
5
Suppose 6*s - 99 = 39. What is the units digit of s?
3
Let n(b) = b + 2. Let m be n(-4). Let x = m + 9. What is the units digit of x?
7
Let a(h) = -4*h - 2. Let n be 4/(-10) + 130/(-50). What 